{"id":31518,"date":"2025-07-24T12:37:29","date_gmt":"2025-07-24T09:37:29","guid":{"rendered":"https:\/\/www.indieplace.fi\/?post_type=vaikuttaja&#038;p=31518"},"modified":"2025-07-24T12:37:29","modified_gmt":"2025-07-24T09:37:29","slug":"salla-salmela","status":"publish","type":"vaikuttaja","link":"https:\/\/www.indieplace.fi\/en\/vaikuttaja\/salla-salmela\/","title":{"rendered":"Salla Salmela"},"content":{"rendered":"<p>Salla Salmela on yritt\u00e4j\u00e4, sis\u00e4ll\u00f6ntuottaja, bloggaaja ja \u00e4iti. Perhearjen lis\u00e4ksi Sallan kanavissa n\u00e4hd\u00e4\u00e4n juttua aamukahveista aina syv\u00e4llisempiin pohdintoihin ty\u00f6el\u00e4m\u00e4st\u00e4 ja itsest\u00e4, unohtamatta herkullisia ja helppoja arkireseptej\u00e4. Perheeseen kuuluu karvakorva Ted, aviomies Markus, sek\u00e4 kaksi lasta. Salla on julkaissut my\u00f6s lastenkirjan \u201dMin\u00e4 menen l\u00e4\u00e4k\u00e4riin\u201d.<\/p>\n<p><a href=\"https:\/\/www.instagram.com\/sallasalmela\/\"><span style=\"color: #cc99ff;\">Tutustu Instagramiin &gt;<\/span><\/a><\/p>","protected":false},"featured_media":31519,"template":"","class_list":["post-31518","vaikuttaja","type-vaikuttaja","status-publish","has-post-thumbnail","hentry"],"yoast_head":"<!-- This site is optimized with the Yoast SEO plugin v26.6 - https:\/\/yoast.com\/wordpress\/plugins\/seo\/ -->\n<title>Salla Salmela - Indieplace<\/title>\n<meta name=\"robots\" content=\"index, follow, max-snippet:-1, max-image-preview:large, max-video-preview:-1\" \/>\n<link rel=\"canonical\" href=\"https:\/\/www.indieplace.fi\/en\/vaikuttaja\/salla-salmela\/\" \/>\n<meta property=\"og:locale\" content=\"en_GB\" \/>\n<meta property=\"og:type\" content=\"article\" \/>\n<meta property=\"og:title\" content=\"Salla Salmela - Indieplace\" \/>\n<meta property=\"og:description\" content=\"Salla Salmela on yritt\u00e4j\u00e4, sis\u00e4ll\u00f6ntuottaja, bloggaaja ja \u00e4iti. Perhearjen lis\u00e4ksi Sallan kanavissa n\u00e4hd\u00e4\u00e4n juttua aamukahveista aina syv\u00e4llisempiin pohdintoihin ty\u00f6el\u00e4m\u00e4st\u00e4 ja itsest\u00e4, unohtamatta herkullisia ja helppoja arkireseptej\u00e4. Perheeseen kuuluu karvakorva Ted, aviomies Markus, sek\u00e4 kaksi lasta. Salla on julkaissut my\u00f6s lastenkirjan \u201dMin\u00e4 menen l\u00e4\u00e4k\u00e4riin\u201d. Tutustu Instagramiin &gt;\" \/>\n<meta property=\"og:url\" content=\"https:\/\/www.indieplace.fi\/en\/vaikuttaja\/salla-salmela\/\" \/>\n<meta property=\"og:site_name\" content=\"Indieplace\" \/>\n<meta property=\"og:image\" content=\"https:\/\/www.indieplace.fi\/wp-content\/uploads\/2025\/07\/image00001.jpeg\" \/>\n\t<meta property=\"og:image:width\" content=\"768\" \/>\n\t<meta property=\"og:image:height\" content=\"1152\" \/>\n\t<meta property=\"og:image:type\" content=\"image\/jpeg\" \/>\n<meta name=\"twitter:card\" content=\"summary_large_image\" \/>\n<meta name=\"twitter:label1\" content=\"Estimated reading time\" \/>\n\t<meta name=\"twitter:data1\" content=\"1 minute\" \/>\n<script type=\"application\/ld+json\" class=\"yoast-schema-graph\">{\"@context\":\"https:\/\/schema.org\",\"@graph\":[{\"@type\":\"WebPage\",\"@id\":\"https:\/\/www.indieplace.fi\/vaikuttaja\/salla-salmela\/\",\"url\":\"https:\/\/www.indieplace.fi\/vaikuttaja\/salla-salmela\/\",\"name\":\"Salla Salmela - Indieplace\",\"isPartOf\":{\"@id\":\"https:\/\/www.indieplace.fi\/#website\"},\"primaryImageOfPage\":{\"@id\":\"https:\/\/www.indieplace.fi\/vaikuttaja\/salla-salmela\/#primaryimage\"},\"image\":{\"@id\":\"https:\/\/www.indieplace.fi\/vaikuttaja\/salla-salmela\/#primaryimage\"},\"thumbnailUrl\":\"https:\/\/www.indieplace.fi\/wp-content\/uploads\/2025\/07\/image00001.jpeg\",\"datePublished\":\"2025-07-24T09:37:29+00:00\",\"breadcrumb\":{\"@id\":\"https:\/\/www.indieplace.fi\/vaikuttaja\/salla-salmela\/#breadcrumb\"},\"inLanguage\":\"en-GB\",\"potentialAction\":[{\"@type\":\"ReadAction\",\"target\":[\"https:\/\/www.indieplace.fi\/vaikuttaja\/salla-salmela\/\"]}]},{\"@type\":\"ImageObject\",\"inLanguage\":\"en-GB\",\"@id\":\"https:\/\/www.indieplace.fi\/vaikuttaja\/salla-salmela\/#primaryimage\",\"url\":\"https:\/\/www.indieplace.fi\/wp-content\/uploads\/2025\/07\/image00001.jpeg\",\"contentUrl\":\"https:\/\/www.indieplace.fi\/wp-content\/uploads\/2025\/07\/image00001.jpeg\",\"width\":768,\"height\":1152},{\"@type\":\"BreadcrumbList\",\"@id\":\"https:\/\/www.indieplace.fi\/vaikuttaja\/salla-salmela\/#breadcrumb\",\"itemListElement\":[{\"@type\":\"ListItem\",\"position\":1,\"name\":\"Home\",\"item\":\"https:\/\/www.indieplace.fi\/\"},{\"@type\":\"ListItem\",\"position\":2,\"name\":\"Salla Salmela\"}]},{\"@type\":\"WebSite\",\"@id\":\"https:\/\/www.indieplace.fi\/#website\",\"url\":\"https:\/\/www.indieplace.fi\/\",\"name\":\"Indieplace\",\"description\":\"Indieplacen uusimmat kuulumiset. Lue ja pysy k\u00e4rryill\u00e4 some-ja vaikuttajamarkkinoinnin ajankohtaisista asioista.\",\"publisher\":{\"@id\":\"https:\/\/www.indieplace.fi\/#organization\"},\"potentialAction\":[{\"@type\":\"SearchAction\",\"target\":{\"@type\":\"EntryPoint\",\"urlTemplate\":\"https:\/\/www.indieplace.fi\/?s={search_term_string}\"},\"query-input\":{\"@type\":\"PropertyValueSpecification\",\"valueRequired\":true,\"valueName\":\"search_term_string\"}}],\"inLanguage\":\"en-GB\"},{\"@type\":\"Organization\",\"@id\":\"https:\/\/www.indieplace.fi\/#organization\",\"name\":\"Indieplace\",\"url\":\"https:\/\/www.indieplace.fi\/\",\"logo\":{\"@type\":\"ImageObject\",\"inLanguage\":\"en-GB\",\"@id\":\"https:\/\/www.indieplace.fi\/#\/schema\/logo\/image\/\",\"url\":\"https:\/\/www.indieplace.fi\/wp-content\/uploads\/2021\/01\/cropped-indieplace-logo-circle-white-e1666243724993.png\",\"contentUrl\":\"https:\/\/www.indieplace.fi\/wp-content\/uploads\/2021\/01\/cropped-indieplace-logo-circle-white-e1666243724993.png\",\"width\":300,\"height\":257,\"caption\":\"Indieplace\"},\"image\":{\"@id\":\"https:\/\/www.indieplace.fi\/#\/schema\/logo\/image\/\"},\"sameAs\":[\"https:\/\/www.instagram.com\/indieplace\/\"]}]}<\/script>\n<!-- \/ Yoast SEO plugin. -->","yoast_head_json":{"title":"Salla Salmela - Indieplace","robots":{"index":"index","follow":"follow","max-snippet":"max-snippet:-1","max-image-preview":"max-image-preview:large","max-video-preview":"max-video-preview:-1"},"canonical":"https:\/\/www.indieplace.fi\/en\/vaikuttaja\/salla-salmela\/","og_locale":"en_GB","og_type":"article","og_title":"Salla Salmela - Indieplace","og_description":"Salla Salmela on yritt\u00e4j\u00e4, sis\u00e4ll\u00f6ntuottaja, bloggaaja ja \u00e4iti. Perhearjen lis\u00e4ksi Sallan kanavissa n\u00e4hd\u00e4\u00e4n juttua aamukahveista aina syv\u00e4llisempiin pohdintoihin ty\u00f6el\u00e4m\u00e4st\u00e4 ja itsest\u00e4, unohtamatta herkullisia ja helppoja arkireseptej\u00e4. Perheeseen kuuluu karvakorva Ted, aviomies Markus, sek\u00e4 kaksi lasta. Salla on julkaissut my\u00f6s lastenkirjan \u201dMin\u00e4 menen l\u00e4\u00e4k\u00e4riin\u201d. Tutustu Instagramiin &gt;","og_url":"https:\/\/www.indieplace.fi\/en\/vaikuttaja\/salla-salmela\/","og_site_name":"Indieplace","og_image":[{"width":768,"height":1152,"url":"https:\/\/www.indieplace.fi\/wp-content\/uploads\/2025\/07\/image00001.jpeg","type":"image\/jpeg"}],"twitter_card":"summary_large_image","twitter_misc":{"Estimated reading time":"1 minute"},"schema":{"@context":"https:\/\/schema.org","@graph":[{"@type":"WebPage","@id":"https:\/\/www.indieplace.fi\/vaikuttaja\/salla-salmela\/","url":"https:\/\/www.indieplace.fi\/vaikuttaja\/salla-salmela\/","name":"Salla Salmela - Indieplace","isPartOf":{"@id":"https:\/\/www.indieplace.fi\/#website"},"primaryImageOfPage":{"@id":"https:\/\/www.indieplace.fi\/vaikuttaja\/salla-salmela\/#primaryimage"},"image":{"@id":"https:\/\/www.indieplace.fi\/vaikuttaja\/salla-salmela\/#primaryimage"},"thumbnailUrl":"https:\/\/www.indieplace.fi\/wp-content\/uploads\/2025\/07\/image00001.jpeg","datePublished":"2025-07-24T09:37:29+00:00","breadcrumb":{"@id":"https:\/\/www.indieplace.fi\/vaikuttaja\/salla-salmela\/#breadcrumb"},"inLanguage":"en-GB","potentialAction":[{"@type":"ReadAction","target":["https:\/\/www.indieplace.fi\/vaikuttaja\/salla-salmela\/"]}]},{"@type":"ImageObject","inLanguage":"en-GB","@id":"https:\/\/www.indieplace.fi\/vaikuttaja\/salla-salmela\/#primaryimage","url":"https:\/\/www.indieplace.fi\/wp-content\/uploads\/2025\/07\/image00001.jpeg","contentUrl":"https:\/\/www.indieplace.fi\/wp-content\/uploads\/2025\/07\/image00001.jpeg","width":768,"height":1152},{"@type":"BreadcrumbList","@id":"https:\/\/www.indieplace.fi\/vaikuttaja\/salla-salmela\/#breadcrumb","itemListElement":[{"@type":"ListItem","position":1,"name":"Home","item":"https:\/\/www.indieplace.fi\/"},{"@type":"ListItem","position":2,"name":"Salla Salmela"}]},{"@type":"WebSite","@id":"https:\/\/www.indieplace.fi\/#website","url":"https:\/\/www.indieplace.fi\/","name":"Indieplace","description":"Indieplacen uusimmat kuulumiset. Lue ja pysy k\u00e4rryill\u00e4 some-ja vaikuttajamarkkinoinnin ajankohtaisista asioista.","publisher":{"@id":"https:\/\/www.indieplace.fi\/#organization"},"potentialAction":[{"@type":"SearchAction","target":{"@type":"EntryPoint","urlTemplate":"https:\/\/www.indieplace.fi\/?s={search_term_string}"},"query-input":{"@type":"PropertyValueSpecification","valueRequired":true,"valueName":"search_term_string"}}],"inLanguage":"en-GB"},{"@type":"Organization","@id":"https:\/\/www.indieplace.fi\/#organization","name":"Indieplace","url":"https:\/\/www.indieplace.fi\/","logo":{"@type":"ImageObject","inLanguage":"en-GB","@id":"https:\/\/www.indieplace.fi\/#\/schema\/logo\/image\/","url":"https:\/\/www.indieplace.fi\/wp-content\/uploads\/2021\/01\/cropped-indieplace-logo-circle-white-e1666243724993.png","contentUrl":"https:\/\/www.indieplace.fi\/wp-content\/uploads\/2021\/01\/cropped-indieplace-logo-circle-white-e1666243724993.png","width":300,"height":257,"caption":"Indieplace"},"image":{"@id":"https:\/\/www.indieplace.fi\/#\/schema\/logo\/image\/"},"sameAs":["https:\/\/www.instagram.com\/indieplace\/"]}]}},"_links":{"self":[{"href":"https:\/\/www.indieplace.fi\/en\/wp-json\/wp\/v2\/vaikuttaja\/31518","targetHints":{"allow":["GET"]}}],"collection":[{"href":"https:\/\/www.indieplace.fi\/en\/wp-json\/wp\/v2\/vaikuttaja"}],"about":[{"href":"https:\/\/www.indieplace.fi\/en\/wp-json\/wp\/v2\/types\/vaikuttaja"}],"wp:featuredmedia":[{"embeddable":true,"href":"https:\/\/www.indieplace.fi\/en\/wp-json\/wp\/v2\/media\/31519"}],"wp:attachment":[{"href":"https:\/\/www.indieplace.fi\/en\/wp-json\/wp\/v2\/media?parent=31518"}],"curies":[{"name":"wp","href":"https:\/\/api.w.org\/{rel}","templated":true}]}}

<p>Salla Salmela on yrittäjä, sisällöntuottaja, bloggaaja ja äiti. Perhearjen lisäksi Sallan kanavissa nähdään juttua aamukahveista aina syvällisempiin pohdintoihin työelämästä ja itsestä, unohtamatta herkullisia ja helppoja arkireseptejä. Perheeseen kuuluu karvakorva Ted, aviomies Markus, sekä kaksi lasta. Salla on julkaissut myös lastenkirjan ”Minä menen lääkäriin”.</p>
<p><a href="https://www.instagram.com/sallasalmela/"><span style="color: #cc99ff;">Tutustu Instagramiin &gt;</span></a></p>

<!-- This site is optimized with the Yoast SEO plugin v26.6 - https://yoast.com/wordpress/plugins/seo/ -->
<title>Salla Salmela - Indieplace</title>
<meta name="robots" content="index, follow, max-snippet:-1, max-image-preview:large, max-video-preview:-1" />
<link rel="canonical" href="https://www.indieplace.fi/en/vaikuttaja/salla-salmela/" />
<meta property="og:locale" content="en_GB" />
<meta property="og:type" content="article" />
<meta property="og:title" content="Salla Salmela - Indieplace" />
<meta property="og:description" content="Salla Salmela on yrittäjä, sisällöntuottaja, bloggaaja ja äiti. Perhearjen lisäksi Sallan kanavissa nähdään juttua aamukahveista aina syvällisempiin pohdintoihin työelämästä ja itsestä, unohtamatta herkullisia ja helppoja arkireseptejä. Perheeseen kuuluu karvakorva Ted, aviomies Markus, sekä kaksi lasta. Salla on julkaissut myös lastenkirjan ”Minä menen lääkäriin”. Tutustu Instagramiin &gt;" />
<meta property="og:url" content="https://www.indieplace.fi/en/vaikuttaja/salla-salmela/" />
<meta property="og:site_name" content="Indieplace" />
<meta property="og:image" content="https://www.indieplace.fi/wp-content/uploads/2025/07/image00001.jpeg" />
	<meta property="og:image:width" content="768" />
	<meta property="og:image:height" content="1152" />
	<meta property="og:image:type" content="image/jpeg" />
<meta name="twitter:card" content="summary_large_image" />
<meta name="twitter:label1" content="Estimated reading time" />
	<meta name="twitter:data1" content="1 minute" />
<script type="application/ld+json" class="yoast-schema-graph">{"@context":"https://schema.org","@graph":[{"@type":"WebPage","@id":"https://www.indieplace.fi/vaikuttaja/salla-salmela/","url":"https://www.indieplace.fi/vaikuttaja/salla-salmela/","name":"Salla Salmela - Indieplace","isPartOf":{"@id":"https://www.indieplace.fi/#website"},"primaryImageOfPage":{"@id":"https://www.indieplace.fi/vaikuttaja/salla-salmela/#primaryimage"},"image":{"@id":"https://www.indieplace.fi/vaikuttaja/salla-salmela/#primaryimage"},"thumbnailUrl":"https://www.indieplace.fi/wp-content/uploads/2025/07/image00001.jpeg","datePublished":"2025-07-24T09:37:29+00:00","breadcrumb":{"@id":"https://www.indieplace.fi/vaikuttaja/salla-salmela/#breadcrumb"},"inLanguage":"en-GB","potentialAction":[{"@type":"ReadAction","target":["https://www.indieplace.fi/vaikuttaja/salla-salmela/"]}]},{"@type":"ImageObject","inLanguage":"en-GB","@id":"https://www.indieplace.fi/vaikuttaja/salla-salmela/#primaryimage","url":"https://www.indieplace.fi/wp-content/uploads/2025/07/image00001.jpeg","contentUrl":"https://www.indieplace.fi/wp-content/uploads/2025/07/image00001.jpeg","width":768,"height":1152},{"@type":"BreadcrumbList","@id":"https://www.indieplace.fi/vaikuttaja/salla-salmela/#breadcrumb","itemListElement":[{"@type":"ListItem","position":1,"name":"Home","item":"https://www.indieplace.fi/"},{"@type":"ListItem","position":2,"name":"Salla Salmela"}]},{"@type":"WebSite","@id":"https://www.indieplace.fi/#website","url":"https://www.indieplace.fi/","name":"Indieplace","description":"Indieplacen uusimmat kuulumiset. Lue ja pysy kärryillä some-ja vaikuttajamarkkinoinnin ajankohtaisista asioista.","publisher":{"@id":"https://www.indieplace.fi/#organization"},"potentialAction":[{"@type":"SearchAction","target":{"@type":"EntryPoint","urlTemplate":"https://www.indieplace.fi/?s={search_term_string}"},"query-input":{"@type":"PropertyValueSpecification","valueRequired":true,"valueName":"search_term_string"}}],"inLanguage":"en-GB"},{"@type":"Organization","@id":"https://www.indieplace.fi/#organization","name":"Indieplace","url":"https://www.indieplace.fi/","logo":{"@type":"ImageObject","inLanguage":"en-GB","@id":"https://www.indieplace.fi/#/schema/logo/image/","url":"https://www.indieplace.fi/wp-content/uploads/2021/01/cropped-indieplace-logo-circle-white-e1666243724993.png","contentUrl":"https://www.indieplace.fi/wp-content/uploads/2021/01/cropped-indieplace-logo-circle-white-e1666243724993.png","width":300,"height":257,"caption":"Indieplace"},"image":{"@id":"https://www.indieplace.fi/#/schema/logo/image/"},"sameAs":["https://www.instagram.com/indieplace/"]}]}</script>
<!-- / Yoast SEO plugin. -->

Salla Salmela on yrittäjä, sisällöntuottaja, bloggaaja ja äiti. Perhearjen lisäksi Sallan kanavissa nähdään juttua aamukahveista aina syvällisempiin pohdintoihin työelämästä ja itsestä, unohtamatta herkullisia ja helppoja arkireseptejä. Perheeseen kuuluu karvakorva Ted, aviomies Markus, sekä kaksi lasta. Salla on julkaissut myös lastenkirjan ”Minä menen lääkäriin”. Tutustu Instagramiin &gt;

Indieplacen uusimmat kuulumiset. Lue ja pysy kärryillä some-ja vaikuttajamarkkinoinnin ajankohtaisista asioista.
