{"id":9897,"date":"2022-03-15T14:37:30","date_gmt":"2022-03-15T12:37:30","guid":{"rendered":"https:\/\/www.indieplace.fi\/?post_type=vaikuttaja&#038;p=9897"},"modified":"2023-02-27T15:31:14","modified_gmt":"2023-02-27T13:31:14","slug":"sara-tickle","status":"publish","type":"vaikuttaja","link":"https:\/\/www.indieplace.fi\/en\/vaikuttaja\/sara-tickle\/","title":{"rendered":"Sara Tickle"},"content":{"rendered":"<p>Sara on yksi Suomen suosituimmista vaikuttajista. H\u00e4nen sis\u00e4lt\u00f6ns\u00e4 painottuvat hyvinvointiin, trendeihin ja matkusteluun unohtamatta t\u00e4rkeiden aiheiden ja aitojen arjen hetkien jakamista. Sara nousi suuremman yleis\u00f6n tietoisuuteen Selviytyj\u00e4t-ohjelman kautta. Sara on my\u00f6s pienen lapsen \u00e4iti\u00a0 ja h\u00e4n jakaakin paljon sis\u00e4lt\u00f6\u00e4 heid\u00e4n lapsiarjesta. Saran Instagram-tili on t\u00e4ynn\u00e4 toinen toistaan upeita kuvia, jotka ovat laadukkaita ja inspiroivia. Kuvista huokuu rakkaus valokuvausta kohtaan.<\/p>\n<p><a href=\"http:\/\/saratickle.fi\/\" target=\"_blank\" rel=\"noopener noreferrer\"><strong>Tutustu blogiin &gt;<\/strong><\/a><\/p>\n<p><strong><a href=\"https:\/\/www.instagram.com\/saratickle\/\">Tutustu Instagramiin &gt;<\/a><\/strong><\/p>","protected":false},"featured_media":8369,"template":"","class_list":["post-9897","vaikuttaja","type-vaikuttaja","status-publish","has-post-thumbnail","hentry"],"yoast_head":"<!-- This site is optimized with the Yoast SEO plugin v26.6 - https:\/\/yoast.com\/wordpress\/plugins\/seo\/ -->\n<title>Sara Tickle - Indieplace<\/title>\n<meta name=\"robots\" content=\"index, follow, max-snippet:-1, max-image-preview:large, max-video-preview:-1\" \/>\n<link rel=\"canonical\" href=\"https:\/\/www.indieplace.fi\/en\/vaikuttaja\/sara-tickle\/\" \/>\n<meta property=\"og:locale\" content=\"en_GB\" \/>\n<meta property=\"og:type\" content=\"article\" \/>\n<meta property=\"og:title\" content=\"Sara Tickle - Indieplace\" \/>\n<meta property=\"og:description\" content=\"Sara on yksi Suomen suosituimmista vaikuttajista. H\u00e4nen sis\u00e4lt\u00f6ns\u00e4 painottuvat hyvinvointiin, trendeihin ja matkusteluun unohtamatta t\u00e4rkeiden aiheiden ja aitojen arjen hetkien jakamista. Sara nousi suuremman yleis\u00f6n tietoisuuteen Selviytyj\u00e4t-ohjelman kautta. Sara on my\u00f6s pienen lapsen \u00e4iti\u00a0 ja h\u00e4n jakaakin paljon sis\u00e4lt\u00f6\u00e4 heid\u00e4n lapsiarjesta. Saran Instagram-tili on t\u00e4ynn\u00e4 toinen toistaan upeita kuvia, jotka ovat laadukkaita ja inspiroivia. Kuvista [&hellip;]\" \/>\n<meta property=\"og:url\" content=\"https:\/\/www.indieplace.fi\/en\/vaikuttaja\/sara-tickle\/\" \/>\n<meta property=\"og:site_name\" content=\"Indieplace\" \/>\n<meta property=\"article:modified_time\" content=\"2023-02-27T13:31:14+00:00\" \/>\n<meta property=\"og:image\" content=\"https:\/\/www.indieplace.fi\/wp-content\/uploads\/2019\/01\/SaraVanninen.webp\" \/>\n\t<meta property=\"og:image:width\" content=\"1365\" \/>\n\t<meta property=\"og:image:height\" content=\"2048\" \/>\n\t<meta property=\"og:image:type\" content=\"image\/webp\" \/>\n<meta name=\"twitter:card\" content=\"summary_large_image\" \/>\n<meta name=\"twitter:label1\" content=\"Estimated reading time\" \/>\n\t<meta name=\"twitter:data1\" content=\"1 minute\" \/>\n<script type=\"application\/ld+json\" class=\"yoast-schema-graph\">{\"@context\":\"https:\/\/schema.org\",\"@graph\":[{\"@type\":\"WebPage\",\"@id\":\"https:\/\/www.indieplace.fi\/vaikuttaja\/sara-tickle\/\",\"url\":\"https:\/\/www.indieplace.fi\/vaikuttaja\/sara-tickle\/\",\"name\":\"Sara Tickle - Indieplace\",\"isPartOf\":{\"@id\":\"https:\/\/www.indieplace.fi\/#website\"},\"primaryImageOfPage\":{\"@id\":\"https:\/\/www.indieplace.fi\/vaikuttaja\/sara-tickle\/#primaryimage\"},\"image\":{\"@id\":\"https:\/\/www.indieplace.fi\/vaikuttaja\/sara-tickle\/#primaryimage\"},\"thumbnailUrl\":\"https:\/\/www.indieplace.fi\/wp-content\/uploads\/2019\/01\/SaraVanninen.webp\",\"datePublished\":\"2022-03-15T12:37:30+00:00\",\"dateModified\":\"2023-02-27T13:31:14+00:00\",\"breadcrumb\":{\"@id\":\"https:\/\/www.indieplace.fi\/vaikuttaja\/sara-tickle\/#breadcrumb\"},\"inLanguage\":\"en-GB\",\"potentialAction\":[{\"@type\":\"ReadAction\",\"target\":[\"https:\/\/www.indieplace.fi\/vaikuttaja\/sara-tickle\/\"]}]},{\"@type\":\"ImageObject\",\"inLanguage\":\"en-GB\",\"@id\":\"https:\/\/www.indieplace.fi\/vaikuttaja\/sara-tickle\/#primaryimage\",\"url\":\"https:\/\/www.indieplace.fi\/wp-content\/uploads\/2019\/01\/SaraVanninen.webp\",\"contentUrl\":\"https:\/\/www.indieplace.fi\/wp-content\/uploads\/2019\/01\/SaraVanninen.webp\",\"width\":1365,\"height\":2048},{\"@type\":\"BreadcrumbList\",\"@id\":\"https:\/\/www.indieplace.fi\/vaikuttaja\/sara-tickle\/#breadcrumb\",\"itemListElement\":[{\"@type\":\"ListItem\",\"position\":1,\"name\":\"Home\",\"item\":\"https:\/\/www.indieplace.fi\/\"},{\"@type\":\"ListItem\",\"position\":2,\"name\":\"Sara Tickle\"}]},{\"@type\":\"WebSite\",\"@id\":\"https:\/\/www.indieplace.fi\/#website\",\"url\":\"https:\/\/www.indieplace.fi\/\",\"name\":\"Indieplace\",\"description\":\"Indieplacen uusimmat kuulumiset. Lue ja pysy k\u00e4rryill\u00e4 some-ja vaikuttajamarkkinoinnin ajankohtaisista asioista.\",\"publisher\":{\"@id\":\"https:\/\/www.indieplace.fi\/#organization\"},\"potentialAction\":[{\"@type\":\"SearchAction\",\"target\":{\"@type\":\"EntryPoint\",\"urlTemplate\":\"https:\/\/www.indieplace.fi\/?s={search_term_string}\"},\"query-input\":{\"@type\":\"PropertyValueSpecification\",\"valueRequired\":true,\"valueName\":\"search_term_string\"}}],\"inLanguage\":\"en-GB\"},{\"@type\":\"Organization\",\"@id\":\"https:\/\/www.indieplace.fi\/#organization\",\"name\":\"Indieplace\",\"url\":\"https:\/\/www.indieplace.fi\/\",\"logo\":{\"@type\":\"ImageObject\",\"inLanguage\":\"en-GB\",\"@id\":\"https:\/\/www.indieplace.fi\/#\/schema\/logo\/image\/\",\"url\":\"https:\/\/www.indieplace.fi\/wp-content\/uploads\/2021\/01\/cropped-indieplace-logo-circle-white-e1666243724993.png\",\"contentUrl\":\"https:\/\/www.indieplace.fi\/wp-content\/uploads\/2021\/01\/cropped-indieplace-logo-circle-white-e1666243724993.png\",\"width\":300,\"height\":257,\"caption\":\"Indieplace\"},\"image\":{\"@id\":\"https:\/\/www.indieplace.fi\/#\/schema\/logo\/image\/\"},\"sameAs\":[\"https:\/\/www.instagram.com\/indieplace\/\"]}]}<\/script>\n<!-- \/ Yoast SEO plugin. -->","yoast_head_json":{"title":"Sara Tickle - Indieplace","robots":{"index":"index","follow":"follow","max-snippet":"max-snippet:-1","max-image-preview":"max-image-preview:large","max-video-preview":"max-video-preview:-1"},"canonical":"https:\/\/www.indieplace.fi\/en\/vaikuttaja\/sara-tickle\/","og_locale":"en_GB","og_type":"article","og_title":"Sara Tickle - Indieplace","og_description":"Sara on yksi Suomen suosituimmista vaikuttajista. H\u00e4nen sis\u00e4lt\u00f6ns\u00e4 painottuvat hyvinvointiin, trendeihin ja matkusteluun unohtamatta t\u00e4rkeiden aiheiden ja aitojen arjen hetkien jakamista. Sara nousi suuremman yleis\u00f6n tietoisuuteen Selviytyj\u00e4t-ohjelman kautta. Sara on my\u00f6s pienen lapsen \u00e4iti\u00a0 ja h\u00e4n jakaakin paljon sis\u00e4lt\u00f6\u00e4 heid\u00e4n lapsiarjesta. Saran Instagram-tili on t\u00e4ynn\u00e4 toinen toistaan upeita kuvia, jotka ovat laadukkaita ja inspiroivia. Kuvista [&hellip;]","og_url":"https:\/\/www.indieplace.fi\/en\/vaikuttaja\/sara-tickle\/","og_site_name":"Indieplace","article_modified_time":"2023-02-27T13:31:14+00:00","og_image":[{"width":1365,"height":2048,"url":"https:\/\/www.indieplace.fi\/wp-content\/uploads\/2019\/01\/SaraVanninen.webp","type":"image\/webp"}],"twitter_card":"summary_large_image","twitter_misc":{"Estimated reading time":"1 minute"},"schema":{"@context":"https:\/\/schema.org","@graph":[{"@type":"WebPage","@id":"https:\/\/www.indieplace.fi\/vaikuttaja\/sara-tickle\/","url":"https:\/\/www.indieplace.fi\/vaikuttaja\/sara-tickle\/","name":"Sara Tickle - Indieplace","isPartOf":{"@id":"https:\/\/www.indieplace.fi\/#website"},"primaryImageOfPage":{"@id":"https:\/\/www.indieplace.fi\/vaikuttaja\/sara-tickle\/#primaryimage"},"image":{"@id":"https:\/\/www.indieplace.fi\/vaikuttaja\/sara-tickle\/#primaryimage"},"thumbnailUrl":"https:\/\/www.indieplace.fi\/wp-content\/uploads\/2019\/01\/SaraVanninen.webp","datePublished":"2022-03-15T12:37:30+00:00","dateModified":"2023-02-27T13:31:14+00:00","breadcrumb":{"@id":"https:\/\/www.indieplace.fi\/vaikuttaja\/sara-tickle\/#breadcrumb"},"inLanguage":"en-GB","potentialAction":[{"@type":"ReadAction","target":["https:\/\/www.indieplace.fi\/vaikuttaja\/sara-tickle\/"]}]},{"@type":"ImageObject","inLanguage":"en-GB","@id":"https:\/\/www.indieplace.fi\/vaikuttaja\/sara-tickle\/#primaryimage","url":"https:\/\/www.indieplace.fi\/wp-content\/uploads\/2019\/01\/SaraVanninen.webp","contentUrl":"https:\/\/www.indieplace.fi\/wp-content\/uploads\/2019\/01\/SaraVanninen.webp","width":1365,"height":2048},{"@type":"BreadcrumbList","@id":"https:\/\/www.indieplace.fi\/vaikuttaja\/sara-tickle\/#breadcrumb","itemListElement":[{"@type":"ListItem","position":1,"name":"Home","item":"https:\/\/www.indieplace.fi\/"},{"@type":"ListItem","position":2,"name":"Sara Tickle"}]},{"@type":"WebSite","@id":"https:\/\/www.indieplace.fi\/#website","url":"https:\/\/www.indieplace.fi\/","name":"Indieplace","description":"Indieplacen uusimmat kuulumiset. Lue ja pysy k\u00e4rryill\u00e4 some-ja vaikuttajamarkkinoinnin ajankohtaisista asioista.","publisher":{"@id":"https:\/\/www.indieplace.fi\/#organization"},"potentialAction":[{"@type":"SearchAction","target":{"@type":"EntryPoint","urlTemplate":"https:\/\/www.indieplace.fi\/?s={search_term_string}"},"query-input":{"@type":"PropertyValueSpecification","valueRequired":true,"valueName":"search_term_string"}}],"inLanguage":"en-GB"},{"@type":"Organization","@id":"https:\/\/www.indieplace.fi\/#organization","name":"Indieplace","url":"https:\/\/www.indieplace.fi\/","logo":{"@type":"ImageObject","inLanguage":"en-GB","@id":"https:\/\/www.indieplace.fi\/#\/schema\/logo\/image\/","url":"https:\/\/www.indieplace.fi\/wp-content\/uploads\/2021\/01\/cropped-indieplace-logo-circle-white-e1666243724993.png","contentUrl":"https:\/\/www.indieplace.fi\/wp-content\/uploads\/2021\/01\/cropped-indieplace-logo-circle-white-e1666243724993.png","width":300,"height":257,"caption":"Indieplace"},"image":{"@id":"https:\/\/www.indieplace.fi\/#\/schema\/logo\/image\/"},"sameAs":["https:\/\/www.instagram.com\/indieplace\/"]}]}},"_links":{"self":[{"href":"https:\/\/www.indieplace.fi\/en\/wp-json\/wp\/v2\/vaikuttaja\/9897","targetHints":{"allow":["GET"]}}],"collection":[{"href":"https:\/\/www.indieplace.fi\/en\/wp-json\/wp\/v2\/vaikuttaja"}],"about":[{"href":"https:\/\/www.indieplace.fi\/en\/wp-json\/wp\/v2\/types\/vaikuttaja"}],"wp:featuredmedia":[{"embeddable":true,"href":"https:\/\/www.indieplace.fi\/en\/wp-json\/wp\/v2\/media\/8369"}],"wp:attachment":[{"href":"https:\/\/www.indieplace.fi\/en\/wp-json\/wp\/v2\/media?parent=9897"}],"curies":[{"name":"wp","href":"https:\/\/api.w.org\/{rel}","templated":true}]}}

<p>Sara on yksi Suomen suosituimmista vaikuttajista. Hänen sisältönsä painottuvat hyvinvointiin, trendeihin ja matkusteluun unohtamatta tärkeiden aiheiden ja aitojen arjen hetkien jakamista. Sara nousi suuremman yleisön tietoisuuteen Selviytyjät-ohjelman kautta. Sara on myös pienen lapsen äiti  ja hän jakaakin paljon sisältöä heidän lapsiarjesta. Saran Instagram-tili on täynnä toinen toistaan upeita kuvia, jotka ovat laadukkaita ja inspiroivia. Kuvista huokuu rakkaus valokuvausta kohtaan.</p>
<p><a href="http://saratickle.fi/" target="_blank" rel="noopener noreferrer"><strong>Tutustu blogiin &gt;</strong></a></p>
<p><strong><a href="https://www.instagram.com/saratickle/">Tutustu Instagramiin &gt;</a></strong></p>

<!-- This site is optimized with the Yoast SEO plugin v26.6 - https://yoast.com/wordpress/plugins/seo/ -->
<title>Sara Tickle - Indieplace</title>
<meta name="robots" content="index, follow, max-snippet:-1, max-image-preview:large, max-video-preview:-1" />
<link rel="canonical" href="https://www.indieplace.fi/en/vaikuttaja/sara-tickle/" />
<meta property="og:locale" content="en_GB" />
<meta property="og:type" content="article" />
<meta property="og:title" content="Sara Tickle - Indieplace" />
<meta property="og:description" content="Sara on yksi Suomen suosituimmista vaikuttajista. Hänen sisältönsä painottuvat hyvinvointiin, trendeihin ja matkusteluun unohtamatta tärkeiden aiheiden ja aitojen arjen hetkien jakamista. Sara nousi suuremman yleisön tietoisuuteen Selviytyjät-ohjelman kautta. Sara on myös pienen lapsen äiti  ja hän jakaakin paljon sisältöä heidän lapsiarjesta. Saran Instagram-tili on täynnä toinen toistaan upeita kuvia, jotka ovat laadukkaita ja inspiroivia. Kuvista [&hellip;]" />
<meta property="og:url" content="https://www.indieplace.fi/en/vaikuttaja/sara-tickle/" />
<meta property="og:site_name" content="Indieplace" />
<meta property="article:modified_time" content="2023-02-27T13:31:14+00:00" />
<meta property="og:image" content="https://www.indieplace.fi/wp-content/uploads/2019/01/SaraVanninen.webp" />
	<meta property="og:image:width" content="1365" />
	<meta property="og:image:height" content="2048" />
	<meta property="og:image:type" content="image/webp" />
<meta name="twitter:card" content="summary_large_image" />
<meta name="twitter:label1" content="Estimated reading time" />
	<meta name="twitter:data1" content="1 minute" />
<script type="application/ld+json" class="yoast-schema-graph">{"@context":"https://schema.org","@graph":[{"@type":"WebPage","@id":"https://www.indieplace.fi/vaikuttaja/sara-tickle/","url":"https://www.indieplace.fi/vaikuttaja/sara-tickle/","name":"Sara Tickle - Indieplace","isPartOf":{"@id":"https://www.indieplace.fi/#website"},"primaryImageOfPage":{"@id":"https://www.indieplace.fi/vaikuttaja/sara-tickle/#primaryimage"},"image":{"@id":"https://www.indieplace.fi/vaikuttaja/sara-tickle/#primaryimage"},"thumbnailUrl":"https://www.indieplace.fi/wp-content/uploads/2019/01/SaraVanninen.webp","datePublished":"2022-03-15T12:37:30+00:00","dateModified":"2023-02-27T13:31:14+00:00","breadcrumb":{"@id":"https://www.indieplace.fi/vaikuttaja/sara-tickle/#breadcrumb"},"inLanguage":"en-GB","potentialAction":[{"@type":"ReadAction","target":["https://www.indieplace.fi/vaikuttaja/sara-tickle/"]}]},{"@type":"ImageObject","inLanguage":"en-GB","@id":"https://www.indieplace.fi/vaikuttaja/sara-tickle/#primaryimage","url":"https://www.indieplace.fi/wp-content/uploads/2019/01/SaraVanninen.webp","contentUrl":"https://www.indieplace.fi/wp-content/uploads/2019/01/SaraVanninen.webp","width":1365,"height":2048},{"@type":"BreadcrumbList","@id":"https://www.indieplace.fi/vaikuttaja/sara-tickle/#breadcrumb","itemListElement":[{"@type":"ListItem","position":1,"name":"Home","item":"https://www.indieplace.fi/"},{"@type":"ListItem","position":2,"name":"Sara Tickle"}]},{"@type":"WebSite","@id":"https://www.indieplace.fi/#website","url":"https://www.indieplace.fi/","name":"Indieplace","description":"Indieplacen uusimmat kuulumiset. Lue ja pysy kärryillä some-ja vaikuttajamarkkinoinnin ajankohtaisista asioista.","publisher":{"@id":"https://www.indieplace.fi/#organization"},"potentialAction":[{"@type":"SearchAction","target":{"@type":"EntryPoint","urlTemplate":"https://www.indieplace.fi/?s={search_term_string}"},"query-input":{"@type":"PropertyValueSpecification","valueRequired":true,"valueName":"search_term_string"}}],"inLanguage":"en-GB"},{"@type":"Organization","@id":"https://www.indieplace.fi/#organization","name":"Indieplace","url":"https://www.indieplace.fi/","logo":{"@type":"ImageObject","inLanguage":"en-GB","@id":"https://www.indieplace.fi/#/schema/logo/image/","url":"https://www.indieplace.fi/wp-content/uploads/2021/01/cropped-indieplace-logo-circle-white-e1666243724993.png","contentUrl":"https://www.indieplace.fi/wp-content/uploads/2021/01/cropped-indieplace-logo-circle-white-e1666243724993.png","width":300,"height":257,"caption":"Indieplace"},"image":{"@id":"https://www.indieplace.fi/#/schema/logo/image/"},"sameAs":["https://www.instagram.com/indieplace/"]}]}</script>
<!-- / Yoast SEO plugin. -->

Sara on yksi Suomen suosituimmista vaikuttajista. Hänen sisältönsä painottuvat hyvinvointiin, trendeihin ja matkusteluun unohtamatta tärkeiden aiheiden ja aitojen arjen hetkien jakamista. Sara nousi suuremman yleisön tietoisuuteen Selviytyjät-ohjelman kautta. Sara on myös pienen lapsen äiti  ja hän jakaakin paljon sisältöä heidän lapsiarjesta. Saran Instagram-tili on täynnä toinen toistaan upeita kuvia, jotka ovat laadukkaita ja inspiroivia. Kuvista [&hellip;]

Indieplacen uusimmat kuulumiset. Lue ja pysy kärryillä some-ja vaikuttajamarkkinoinnin ajankohtaisista asioista.
